{"id":11,"date":"2021-06-12T06:25:44","date_gmt":"2021-06-12T06:25:44","guid":{"rendered":"http:\/\/myciekostki.com\/?page_id=11"},"modified":"2022-07-28T18:27:36","modified_gmt":"2022-07-28T18:27:36","slug":"services","status":"publish","type":"page","link":"https:\/\/myciekostki.com\/?page_id=11","title":{"rendered":"Us\u0142ugi"},"content":{"rendered":"\t\t<div data-elementor-type=\"wp-page\" data-elementor-id=\"11\" class=\"elementor elementor-11\">\n\t\t\t\t\t\t\t\t\t<section class=\"elementor-section elementor-top-section elementor-element elementor-element-623ea53 elementor-section-boxed elementor-section-height-default elementor-section-height-default\" data-id=\"623ea53\" data-element_type=\"section\" data-settings=\"{&quot;background_background&quot;:&quot;classic&quot;}\">\n\t\t\t\t\t\t\t<div class=\"elementor-background-overlay\"><\/div>\n\t\t\t\t\t\t\t<div class=\"elementor-container elementor-column-gap-no\">\n\t\t\t\t\t<div class=\"elementor-column elementor-col-100 elementor-top-column elementor-element elementor-element-21ddeff\" data-id=\"21ddeff\" data-element_type=\"column\">\n\t\t\t<div class=\"elementor-widget-wrap elementor-element-populated\">\n\t\t\t\t\t\t\t\t<div class=\"elementor-element elementor-element-a09d3bc elementor-widget elementor-widget-heading\" data-id=\"a09d3bc\" data-element_type=\"widget\" data-widget_type=\"heading.default\">\n\t\t\t\t<div class=\"elementor-widget-container\">\n\t\t\t<style>\/*! elementor - v3.6.7 - 03-07-2022 *\/\n.elementor-heading-title{padding:0;margin:0;line-height:1}.elementor-widget-heading .elementor-heading-title[class*=elementor-size-]>a{color:inherit;font-size:inherit;line-height:inherit}.elementor-widget-heading .elementor-heading-title.elementor-size-small{font-size:15px}.elementor-widget-heading .elementor-heading-title.elementor-size-medium{font-size:19px}.elementor-widget-heading .elementor-heading-title.elementor-size-large{font-size:29px}.elementor-widget-heading .elementor-heading-title.elementor-size-xl{font-size:39px}.elementor-widget-heading .elementor-heading-title.elementor-size-xxl{font-size:59px}<\/style><h1 class=\"elementor-heading-title elementor-size-default\">Us\u0142ugi<\/h1>\t\t<\/div>\n\t\t\t\t<\/div>\n\t\t\t\t\t<\/div>\n\t\t<\/div>\n\t\t\t\t\t\t\t<\/div>\n\t\t<\/section>\n\t\t\t\t<section class=\"elementor-section elementor-top-section elementor-element elementor-element-e6eecd6 elementor-section-boxed elementor-section-height-default elementor-section-height-default\" data-id=\"e6eecd6\" data-element_type=\"section\" data-settings=\"{&quot;background_background&quot;:&quot;classic&quot;}\">\n\t\t\t\t\t\t\t<div class=\"elementor-background-overlay\"><\/div>\n\t\t\t\t\t\t\t<div class=\"elementor-container elementor-column-gap-no\">\n\t\t\t\t\t<div class=\"elementor-column elementor-col-100 elementor-top-column elementor-element elementor-element-75764c5\" data-id=\"75764c5\" data-element_type=\"column\">\n\t\t\t<div class=\"elementor-widget-wrap elementor-element-populated\">\n\t\t\t\t\t\t\t\t<div class=\"elementor-element elementor-element-a3030da elementor-widget elementor-widget-heading\" data-id=\"a3030da\" data-element_type=\"widget\" data-widget_type=\"heading.default\">\n\t\t\t\t<div class=\"elementor-widget-container\">\n\t\t\t<h6 class=\"elementor-heading-title elementor-size-default\">Nasze us\u0142ugi<\/h6>\t\t<\/div>\n\t\t\t\t<\/div>\n\t\t\t\t<div class=\"elementor-element elementor-element-1dbc89b elementor-widget elementor-widget-heading\" data-id=\"1dbc89b\" data-element_type=\"widget\" data-widget_type=\"heading.default\">\n\t\t\t\t<div class=\"elementor-widget-container\">\n\t\t\t<h2 class=\"elementor-heading-title elementor-size-default\">Zaufaj do\u015bwiadczeniu<\/h2>\t\t<\/div>\n\t\t\t\t<\/div>\n\t\t\t\t<div class=\"elementor-element elementor-element-24b722c elementor-widget__width-initial elementor-widget-tablet__width-initial elementor-widget-mobile__width-inherit elementor-position-right elementor-vertical-align-top elementor-widget elementor-widget-image-box\" data-id=\"24b722c\" data-element_type=\"widget\" data-widget_type=\"image-box.default\">\n\t\t\t\t<div class=\"elementor-widget-container\">\n\t\t\t<style>\/*! elementor - v3.6.7 - 03-07-2022 *\/\n.elementor-widget-image-box .elementor-image-box-content{width:100%}@media (min-width:768px){.elementor-widget-image-box.elementor-position-left .elementor-image-box-wrapper,.elementor-widget-image-box.elementor-position-right .elementor-image-box-wrapper{display:-webkit-box;display:-ms-flexbox;display:flex}.elementor-widget-image-box.elementor-position-right .elementor-image-box-wrapper{text-align:right;-webkit-box-orient:horizontal;-webkit-box-direction:reverse;-ms-flex-direction:row-reverse;flex-direction:row-reverse}.elementor-widget-image-box.elementor-position-left .elementor-image-box-wrapper{text-align:left;-webkit-box-orient:horizontal;-webkit-box-direction:normal;-ms-flex-direction:row;flex-direction:row}.elementor-widget-image-box.elementor-position-top .elementor-image-box-img{margin:auto}.elementor-widget-image-box.elementor-vertical-align-top .elementor-image-box-wrapper{-webkit-box-align:start;-ms-flex-align:start;align-items:flex-start}.elementor-widget-image-box.elementor-vertical-align-middle .elementor-image-box-wrapper{-webkit-box-align:center;-ms-flex-align:center;align-items:center}.elementor-widget-image-box.elementor-vertical-align-bottom .elementor-image-box-wrapper{-webkit-box-align:end;-ms-flex-align:end;align-items:flex-end}}@media (max-width:767px){.elementor-widget-image-box .elementor-image-box-img{margin-left:auto!important;margin-right:auto!important;margin-bottom:15px}}.elementor-widget-image-box .elementor-image-box-img{display:inline-block}.elementor-widget-image-box .elementor-image-box-title a{color:inherit}.elementor-widget-image-box .elementor-image-box-wrapper{text-align:center}.elementor-widget-image-box .elementor-image-box-description{margin:0}<\/style><div class=\"elementor-image-box-wrapper\"><figure class=\"elementor-image-box-img\"><img width=\"837\" height=\"1024\" src=\"https:\/\/myciekostki.com\/wp-content\/uploads\/2022\/07\/Bielsko-mycie-scaled-e1658164293525-837x1024.jpg\" class=\"attachment-large size-large\" alt=\"\" loading=\"lazy\" \/><\/figure><div class=\"elementor-image-box-content\"><h4 class=\"elementor-image-box-title\">Mycie kostki brukowej<\/h4><p class=\"elementor-image-box-description\">Czyszczenie kostki brukowej wykonujemy profesjonaln\u0105 myjk\u0105 z silnikiem spalinowym, kt\u00f3ra generuje ci\u015bnienie 350 bar (dla por\u00f3wnania firmy z myjkami elektrycznymi osi\u0105gaj\u0105 170-250 bar). Dzi\u0119ki mo\u017cliwo\u015bci wykorzystania tak du\u017cego ci\u015bnienia jeste\u015bmy w stanie uzyska\u0107 \u015bwietny efekt czyszczenia oraz znacznie kr\u00f3tszy czas realizacji. Czas ma bardzo du\u017ce znaczenie nie tylko ze wzgl\u0119du na uci\u0105\u017cliwo\u015b\u0107 przeci\u0105gaj\u0105cych si\u0119 prac - nikt nie lubi, kiedy pracownicy za d\u0142ugo zalegaj\u0105 na jego posesji, ale tak\u017ce pod wzgl\u0119dem finansowym. Firmy z myjkami elektrycznymi cz\u0119sto s\u0105 w stanie zaoferowa\u0107 ni\u017csz\u0105 stawk\u0119, ale co si\u0119 z tym wi\u0105\u017ce? Zamiast wykona\u0107 prac\u0119 w ci\u0105gu jednego dnia, b\u0119d\u0105 pracowa\u0107 2-3 dni, zasilaj\u0105c si\u0119 pr\u0105dem i wod\u0105 klienta, ostateczny koszt us\u0142ugi mo\u017ce okaza\u0107 si\u0119 zaskakuj\u0105co wysoki. Opr\u00f3cz podstawy, czyli umycia kostki, wyrwania z fug mch\u00f3w, traw i wszelkiego rodzaju innych porost\u00f3w potrafimy tak\u017ce rozprawi\u0107 si\u0119 z bardziej z\u0142o\u017conymi zabrudzeniami, jak plamy z zaprawy murarskiej, plamy z klej\u00f3w i podobnych zabrudze\u0144 poremontowych, r\u00f3wnie\u017c plamy oleju i rdzy. Oczywi\u015bcie nie chcemy obiecywa\u0107 cud\u00f3w, poniewa\u017c zdarzaj\u0105 si\u0119 zabrudzenia, kt\u00f3re nie odpuszcz\u0105 jak plamy, kt\u00f3re wnikn\u0119\u0142y w struktur\u0119 kostki lub s\u0105 na tyle ci\u0119\u017ckie, \u017ce wymagaj\u0105 u\u017cycia chemii mog\u0105cej zniszczy\u0107 struktur\u0119 kostki. <br><br>Co jest kluczowe w naszej pracy - przed przyst\u0105pieniem do wykonania us\u0142ugi zawsze omawiamy z klientem jego oczekiwania, doradzamy i staramy si\u0119 w pe\u0142ni sprosta\u0107 jego oczekiwaniom.<\/p><\/div><\/div>\t\t<\/div>\n\t\t\t\t<\/div>\n\t\t\t\t<div class=\"elementor-element elementor-element-200e195 elementor-widget__width-initial elementor-widget-tablet__width-initial elementor-widget-mobile__width-inherit elementor-position-right elementor-vertical-align-top elementor-widget elementor-widget-image-box\" data-id=\"200e195\" data-element_type=\"widget\" data-widget_type=\"image-box.default\">\n\t\t\t\t<div class=\"elementor-widget-container\">\n\t\t\t<div class=\"elementor-image-box-wrapper\"><figure class=\"elementor-image-box-img\"><img width=\"720\" height=\"657\" src=\"https:\/\/myciekostki.com\/wp-content\/uploads\/2022\/07\/building_clean.png\" class=\"attachment-large size-large\" alt=\"\u017bywiec mycie elewacji - elewacja budynku po myciu\" loading=\"lazy\" \/><\/figure><div class=\"elementor-image-box-content\"><h4 class=\"elementor-image-box-title\">Czyszczenie elewacji<\/h4><p class=\"elementor-image-box-description\">Kluczem do uzyskania odpowiedniego efektu jest gor\u0105ca woda. Tynk sk\u0142ada si\u0119 zaledwie z kilku milimetr\u00f3w, dlatego wywabienie zabrudze\u0144 jest wzgl\u0119dnie \u0142atwe, ale my podchodzimy do tego z wyj\u0105tkow\u0105 staranno\u015bci\u0105. Najpierw oceniamy stan elewacji, a nast\u0119pnie dobieramy odpowiednie ci\u015bnienie, tak aby nie uszkodzi\u0107 tynku, a jednocze\u015bnie jak najdok\u0142adniej wyczy\u015bci\u0107 elewacj\u0119. Najwi\u0119ksz\u0105 trudno\u015bci\u0105 jest konieczno\u015b\u0107 wykonywania prac w miejscach ci\u0119\u017cko dost\u0119pnych - cz\u0119sto na du\u017cej wysoko\u015bci. Wyst\u0119puje wiele mo\u017cliwych zabrudze\u0144 elewacji. Najpopularniejsze to grzyby, mchy, porosty, algi oraz zabrudzenia atmosferyczne, czyli kurz i naloty zwi\u0105zane z s\u0105siedztwem z drog\u0105. Je\u017celi sama gor\u0105ca woda nie wystarcza lub efekt jest ma\u0142o zadowalaj\u0105cy r\u00f3wnie\u017c mamy na to spos\u00f3b. Dobieramy chemi\u0119 pod konkretny rodzaj zabrudzenia, dzi\u0119ki czemu efekty po zako\u0144czeniu prac s\u0105 zaskakuj\u0105ce.<\/p><\/div><\/div>\t\t<\/div>\n\t\t\t\t<\/div>\n\t\t\t\t<div class=\"elementor-element elementor-element-e6c5e12 elementor-widget__width-initial elementor-widget-tablet__width-initial elementor-widget-mobile__width-inherit elementor-position-right elementor-vertical-align-top elementor-widget elementor-widget-image-box\" data-id=\"e6c5e12\" data-element_type=\"widget\" data-widget_type=\"image-box.default\">\n\t\t\t\t<div class=\"elementor-widget-container\">\n\t\t\t<div class=\"elementor-image-box-wrapper\"><figure class=\"elementor-image-box-img\"><img width=\"841\" height=\"1024\" src=\"https:\/\/myciekostki.com\/wp-content\/uploads\/2022\/07\/Krako\u0301w-mycie-scaled-e1658164904551-841x1024.jpg\" class=\"attachment-large size-large\" alt=\"Mycie kostki Krak\u00f3w - kostka po czyszczeniu\" loading=\"lazy\" \/><\/figure><div class=\"elementor-image-box-content\"><h4 class=\"elementor-image-box-title\">Impregnacja kostki<\/h4><p class=\"elementor-image-box-description\">W swojej ofercie posiadamy dwa rodzaje impregnacji. <br>\n\n<b>Impregnacja klasyczna<\/b> - zgodnie z definicj\u0105 jest to nas\u0105czenie powierzchni preparatem o konkretnych w\u0142a\u015bciwo\u015bciach w celu nadania jej po\u017c\u0105danych cech. Nie zmienia wygl\u0105du kostki, powoduje wra\u017cenie \u015bwie\u017co po\u0142o\u017conej, czystej kostki, ale dodatkowo nawierzchnia zyskuje nowe w\u0142a\u015bciwo\u015bci. Impregnacja nieznacznie spowalnia wyrastanie nowych porost\u00f3w, tworzy pow\u0142ok\u0119, kt\u00f3ra u\u0142atwia czyszczenie, poniewa\u017c brud nie b\u0119dzie si\u0119 wch\u0142ania\u0142 z tak\u0105 \u0142atwo\u015bci\u0105 jak wcze\u015bniej, uodparnia kostk\u0119 na dzia\u0142ania czynnik\u00f3w atmosferycznych, dlatego erozja zostaje spowolniona. Stosujemy sprawdzony impregnat zaliczany do najwy\u017cszej klasy premium. Producent deklaruje czas dzia\u0142ania 5 lat, natomiast w naszej ocenie realnie jest to 3 lata.<br> <b>Impregnacja z efektem mokrej kostki <\/b>- nadaje w\u0142a\u015bciwo\u015bci jak klasyczna impregnacja jednak z dodatkowym efektem wizualnym. Kostka istotnie przypomina mokr\u0105, czyli uzyskuje pog\u0142\u0119biony kolor. Jest to odcie\u0144 pomi\u0119dzy such\u0105 kostk\u0105, a mokr\u0105. Warto zaznaczy\u0107, \u017ce cena impregnat\u00f3w jest wysoka, jednak niepowtarzalny efekt potrafi zaimponowa\u0107.<\/p><\/div><\/div>\t\t<\/div>\n\t\t\t\t<\/div>\n\t\t\t\t\t<\/div>\n\t\t<\/div>\n\t\t\t\t\t\t\t<\/div>\n\t\t<\/section>\n\t\t\t\t<section class=\"elementor-section elementor-top-section elementor-element elementor-element-fdb1e5e elementor-section-boxed elementor-section-height-default elementor-section-height-default\" data-id=\"fdb1e5e\" data-element_type=\"section\" data-settings=\"{&quot;shape_divider_top&quot;:&quot;opacity-tilt&quot;,&quot;background_background&quot;:&quot;classic&quot;}\">\n\t\t\t\t\t\t\t<div class=\"elementor-background-overlay\"><\/div>\n\t\t\t\t\t\t<div class=\"elementor-shape elementor-shape-top\" data-negative=\"false\">\n\t\t\t<svg xmlns=\"http:\/\/www.w3.org\/2000\/svg\" viewBox=\"0 0 2600 131.1\" preserveAspectRatio=\"none\">\n\t<path class=\"elementor-shape-fill\" d=\"M0 0L2600 0 2600 69.1 0 0z\"\/>\n\t<path class=\"elementor-shape-fill\" style=\"opacity:0.5\" d=\"M0 0L2600 0 2600 69.1 0 69.1z\"\/>\n\t<path class=\"elementor-shape-fill\" style=\"opacity:0.25\" d=\"M2600 0L0 0 0 130.1 2600 69.1z\"\/>\n<\/svg>\t\t<\/div>\n\t\t\t\t\t<div class=\"elementor-container elementor-column-gap-no\">\n\t\t\t\t\t<div class=\"elementor-column elementor-col-100 elementor-top-column elementor-element elementor-element-ad7e385\" data-id=\"ad7e385\" data-element_type=\"column\" data-settings=\"{&quot;background_background&quot;:&quot;gradient&quot;}\">\n\t\t\t<div class=\"elementor-widget-wrap elementor-element-populated\">\n\t\t\t\t\t\t\t\t<div class=\"elementor-element elementor-element-9924f6e elementor-view-default elementor-vertical-align-top elementor-widget elementor-widget-icon-box\" data-id=\"9924f6e\" data-element_type=\"widget\" data-widget_type=\"icon-box.default\">\n\t\t\t\t<div class=\"elementor-widget-container\">\n\t\t\t<link rel=\"stylesheet\" href=\"https:\/\/myciekostki.com\/wp-content\/plugins\/elementor\/assets\/css\/widget-icon-box.min.css\">\t\t<div class=\"elementor-icon-box-wrapper\">\n\t\t\t\t\t\t<div class=\"elementor-icon-box-content\">\n\t\t\t\t<h2 class=\"elementor-icon-box-title\">\n\t\t\t\t\t<span  >\n\t\t\t\t\t\tNapisz do nas\t\t\t\t\t<\/span>\n\t\t\t\t<\/h2>\n\t\t\t\t\t\t\t\t\t<p class=\"elementor-icon-box-description\">\n\t\t\t\t\t\tAby otrzyma\u0107 darmow\u0105 wycen\u0119\t\t\t\t\t<\/p>\n\t\t\t\t\t\t\t<\/div>\n\t\t<\/div>\n\t\t\t\t<\/div>\n\t\t\t\t<\/div>\n\t\t\t\t<div class=\"elementor-element elementor-element-8098feb elementor-widget elementor-widget-wpforms\" data-id=\"8098feb\" data-element_type=\"widget\" data-widget_type=\"wpforms.default\">\n\t\t\t\t<div class=\"elementor-widget-container\">\n\t\t\t<div class=\"wpforms-container \" id=\"wpforms-5\"><form id=\"wpforms-form-5\" class=\"wpforms-validate wpforms-form\" data-formid=\"5\" method=\"post\" enctype=\"multipart\/form-data\" action=\"\/index.php?rest_route=%2Fwp%2Fv2%2Fpages%2F11\" data-token=\"bc9c1964832d7c6829d61c42eded906f\"><noscript class=\"wpforms-error-noscript\">Please enable JavaScript in your browser to complete this form.<\/noscript><div class=\"wpforms-field-container\"><div id=\"wpforms-5-field_8-container\" class=\"wpforms-field wpforms-field-text\" data-field-id=\"8\"><label class=\"wpforms-field-label wpforms-label-hide\" for=\"wpforms-5-field_8\">Numer telefonu<\/label><input type=\"text\" id=\"wpforms-5-field_8\" class=\"wpforms-field-large\" name=\"wpforms[fields][8]\" placeholder=\"Numer telefonu\" ><\/div><div id=\"wpforms-5-field_7-container\" class=\"wpforms-field wpforms-field-email\" data-field-id=\"7\"><label class=\"wpforms-field-label wpforms-label-hide\" for=\"wpforms-5-field_7\">Email <span class=\"wpforms-required-label\">*<\/span><\/label><input type=\"email\" id=\"wpforms-5-field_7\" class=\"wpforms-field-large wpforms-field-required\" name=\"wpforms[fields][7]\" placeholder=\"Tw\u00f3j email\" required><\/div><div id=\"wpforms-5-field_9-container\" class=\"wpforms-field wpforms-field-textarea\" data-field-id=\"9\"><label class=\"wpforms-field-label\" for=\"wpforms-5-field_9\">Opis us\u0142ugi, powierzchnia do wyczyszczenia w m\u00b2<\/label><textarea id=\"wpforms-5-field_9\" class=\"wpforms-field-medium\" name=\"wpforms[fields][9]\" placeholder=\"Opisz kr\u00f3tko us\u0142ug\u0119 do wykonania oraz powierzchni\u0119 do wyczyszczenia w m\u00b2\" ><\/textarea><\/div><\/div><div class=\"wpforms-submit-container\"><input type=\"hidden\" name=\"wpforms[id]\" value=\"5\"><input type=\"hidden\" name=\"wpforms[author]\" value=\"1\"><button type=\"submit\" name=\"wpforms[submit]\" id=\"wpforms-submit-5\" class=\"wpforms-submit\" data-alt-text=\"Wysy\u0142anie...\" data-submit-text=\"WY\u015aLIJ \" aria-live=\"assertive\" value=\"wpforms-submit\">WY\u015aLIJ <\/button><\/div><\/form><\/div>  <!-- .wpforms-container -->\t\t<\/div>\n\t\t\t\t<\/div>\n\t\t\t\t\t<\/div>\n\t\t<\/div>\n\t\t\t\t\t\t\t<\/div>\n\t\t<\/section>\n\t\t\t\t\t\t\t<\/div>\n\t\t","protected":false},"excerpt":{"rendered":"<p>Us\u0142ugi Nasze us\u0142ugi Zaufaj do\u015bwiadczeniu Mycie kostki brukowej Czyszczenie kostki brukowej wykonujemy profesjonaln\u0105 myjk\u0105 z silnikiem spalinowym, kt\u00f3ra generuje ci\u015bnienie 350 bar (dla por\u00f3wnania firmy z myjkami elektrycznymi osi\u0105gaj\u0105 170-250 bar). Dzi\u0119ki mo\u017cliwo\u015bci wykorzystania tak du\u017cego ci\u015bnienia jeste\u015bmy w stanie uzyska\u0107 \u015bwietny efekt czyszczenia oraz znacznie kr\u00f3tszy czas realizacji. Czas ma bardzo du\u017ce znaczenie nie &hellip;<\/p>\n<p class=\"read-more\"> <a class=\"\" href=\"https:\/\/myciekostki.com\/?page_id=11\"> <span class=\"screen-reader-text\">Us\u0142ugi<\/span> Read More &raquo;<\/a><\/p>\n","protected":false},"author":1,"featured_media":0,"parent":0,"menu_order":0,"comment_status":"closed","ping_status":"closed","template":"","meta":{"om_disable_all_campaigns":false,"_monsterinsights_skip_tracking":false,"_monsterinsights_sitenote_active":false,"_monsterinsights_sitenote_note":"","_monsterinsights_sitenote_category":0,"site-sidebar-layout":"no-sidebar","site-content-layout":"page-builder","ast-global-header-display":"","ast-main-header-display":"","ast-hfb-above-header-display":"","ast-hfb-below-header-display":"","ast-hfb-mobile-header-display":"","site-post-title":"disabled","ast-breadcrumbs-content":"disabled","ast-featured-img":"disabled","footer-sml-layout":"","theme-transparent-header-meta":"enabled","adv-header-id-meta":"","stick-header-meta":"","header-above-stick-meta":"","header-main-stick-meta":"","header-below-stick-meta":""},"_links":{"self":[{"href":"https:\/\/myciekostki.com\/index.php?rest_route=\/wp\/v2\/pages\/11"}],"collection":[{"href":"https:\/\/myciekostki.com\/index.php?rest_route=\/wp\/v2\/pages"}],"about":[{"href":"https:\/\/myciekostki.com\/index.php?rest_route=\/wp\/v2\/types\/page"}],"author":[{"embeddable":true,"href":"https:\/\/myciekostki.com\/index.php?rest_route=\/wp\/v2\/users\/1"}],"replies":[{"embeddable":true,"href":"https:\/\/myciekostki.com\/index.php?rest_route=%2Fwp%2Fv2%2Fcomments&post=11"}],"version-history":[{"count":26,"href":"https:\/\/myciekostki.com\/index.php?rest_route=\/wp\/v2\/pages\/11\/revisions"}],"predecessor-version":[{"id":1298,"href":"https:\/\/myciekostki.com\/index.php?rest_route=\/wp\/v2\/pages\/11\/revisions\/1298"}],"wp:attachment":[{"href":"https:\/\/myciekostki.com\/index.php?rest_route=%2Fwp%2Fv2%2Fmedia&parent=11"}],"curies":[{"name":"wp","href":"https:\/\/api.w.org\/{rel}","templated":true}]}}